{"id":776,"date":"2025-05-07T11:22:01","date_gmt":"2025-05-07T10:22:01","guid":{"rendered":"https:\/\/flameoffrith.org\/?page_id=776"},"modified":"2025-09-15T10:34:00","modified_gmt":"2025-09-15T09:34:00","slug":"mitmachen-so-gehts","status":"publish","type":"page","link":"https:\/\/flameoffrith.org\/index.php\/mitmachen-so-gehts\/","title":{"rendered":"Mitmachen \u2013 so geht\u2019s"},"content":{"rendered":"\n<p><a href=\"https:\/\/flameoffrith.org\/index.php\/spiritual-shieldwall\/\" data-type=\"page\" data-id=\"692\">Flamme des Friedens Schildwall-Initiative<\/a><\/p>\n\n\n\n<p><br>Wir wenden uns an Heiden und Pagane auf der ganzen Welt und laden euch herzlich ein, Teil einer kraftvollen Initiative zu werden, die unsere Grundwerte feiert: Inklusion, Vielfalt und gegenseitigen Respekt. Deine Teilnahme kann viele sch\u00f6ne Formen annehmen:<\/p>\n\n\n\n<p id=\"Ritualparticipation\"><strong>Schildgestaltung: <\/strong>Gestalte einen pers\u00f6nlichen Schild, der deine Geschichte erz\u00e4hlt. Ob mit traditionellen Handwerkstechniken oder zeitgen\u00f6ssischer Kreativit\u00e4t \u2013 dein Schild wird Teil unserer gemeinsamen Erz\u00e4hlung.<br><br>Schild herunterladen:<\/p>\n\n\n\n<figure class=\"wp-block-image size-large is-resized\"><a href=\"https:\/\/i0.wp.com\/walkure.aanhet.net\/FoF\/Shield-4.png?ssl=1\"><img data-recalc-dims=\"1\" loading=\"lazy\" decoding=\"async\" width=\"1024\" height=\"1024\" src=\"https:\/\/i0.wp.com\/flameoffrith.org\/wp-content\/uploads\/2025\/03\/Shield-4.png?resize=1024%2C1024\" alt=\"\" class=\"wp-image-707\" style=\"width:80px\" srcset=\"https:\/\/i0.wp.com\/flameoffrith.org\/wp-content\/uploads\/2025\/03\/Shield-4.png?resize=1024%2C1024&amp;ssl=1 1024w, https:\/\/i0.wp.com\/flameoffrith.org\/wp-content\/uploads\/2025\/03\/Shield-4.png?resize=300%2C300&amp;ssl=1 300w, https:\/\/i0.wp.com\/flameoffrith.org\/wp-content\/uploads\/2025\/03\/Shield-4.png?resize=150%2C150&amp;ssl=1 150w, https:\/\/i0.wp.com\/flameoffrith.org\/wp-content\/uploads\/2025\/03\/Shield-4.png?resize=768%2C769&amp;ssl=1 768w, https:\/\/i0.wp.com\/flameoffrith.org\/wp-content\/uploads\/2025\/03\/Shield-4.png?resize=200%2C200&amp;ssl=1 200w, https:\/\/i0.wp.com\/flameoffrith.org\/wp-content\/uploads\/2025\/03\/Shield-4.png?w=1184&amp;ssl=1 1184w\" sizes=\"auto, (max-width: 1024px) 100vw, 1024px\" \/><\/a><\/figure>\n\n\n\n<figure class=\"wp-block-image size-large is-resized\"><a href=\"https:\/\/i0.wp.com\/walkure.aanhet.net\/FoF\/Shield-3.png?ssl=1\"><img data-recalc-dims=\"1\" loading=\"lazy\" decoding=\"async\" width=\"1024\" height=\"1024\" src=\"https:\/\/i0.wp.com\/flameoffrith.org\/wp-content\/uploads\/2025\/03\/Shield-3.png?resize=1024%2C1024\" alt=\"\" class=\"wp-image-706\" style=\"width:80px\" srcset=\"https:\/\/i0.wp.com\/flameoffrith.org\/wp-content\/uploads\/2025\/03\/Shield-3.png?resize=1024%2C1024&amp;ssl=1 1024w, https:\/\/i0.wp.com\/flameoffrith.org\/wp-content\/uploads\/2025\/03\/Shield-3.png?resize=300%2C300&amp;ssl=1 300w, https:\/\/i0.wp.com\/flameoffrith.org\/wp-content\/uploads\/2025\/03\/Shield-3.png?resize=150%2C150&amp;ssl=1 150w, https:\/\/i0.wp.com\/flameoffrith.org\/wp-content\/uploads\/2025\/03\/Shield-3.png?resize=768%2C768&amp;ssl=1 768w, https:\/\/i0.wp.com\/flameoffrith.org\/wp-content\/uploads\/2025\/03\/Shield-3.png?resize=200%2C200&amp;ssl=1 200w, https:\/\/i0.wp.com\/flameoffrith.org\/wp-content\/uploads\/2025\/03\/Shield-3.png?w=1206&amp;ssl=1 1206w\" sizes=\"auto, (max-width: 1024px) 100vw, 1024px\" \/><\/a><\/figure>\n\n\n\n<figure class=\"wp-block-image size-large is-resized\"><a href=\"https:\/\/i0.wp.com\/walkure.aanhet.net\/FoF\/Shield-2.png?ssl=1\"><img data-recalc-dims=\"1\" loading=\"lazy\" decoding=\"async\" width=\"1024\" height=\"1024\" src=\"https:\/\/i0.wp.com\/flameoffrith.org\/wp-content\/uploads\/2025\/03\/Shield-2.png?resize=1024%2C1024\" alt=\"\" class=\"wp-image-705\" style=\"width:80px\" srcset=\"https:\/\/i0.wp.com\/flameoffrith.org\/wp-content\/uploads\/2025\/03\/Shield-2.png?resize=1024%2C1024&amp;ssl=1 1024w, https:\/\/i0.wp.com\/flameoffrith.org\/wp-content\/uploads\/2025\/03\/Shield-2.png?resize=300%2C300&amp;ssl=1 300w, https:\/\/i0.wp.com\/flameoffrith.org\/wp-content\/uploads\/2025\/03\/Shield-2.png?resize=150%2C150&amp;ssl=1 150w, https:\/\/i0.wp.com\/flameoffrith.org\/wp-content\/uploads\/2025\/03\/Shield-2.png?resize=768%2C768&amp;ssl=1 768w, https:\/\/i0.wp.com\/flameoffrith.org\/wp-content\/uploads\/2025\/03\/Shield-2.png?resize=200%2C200&amp;ssl=1 200w, https:\/\/i0.wp.com\/flameoffrith.org\/wp-content\/uploads\/2025\/03\/Shield-2.png?w=1206&amp;ssl=1 1206w\" sizes=\"auto, (max-width: 1024px) 100vw, 1024px\" \/><\/a><\/figure>\n\n\n\n<figure class=\"wp-block-image size-large is-resized\"><a href=\"https:\/\/i0.wp.com\/walkure.aanhet.net\/FoF\/Shield-1.png?ssl=1\"><img data-recalc-dims=\"1\" loading=\"lazy\" decoding=\"async\" width=\"1024\" height=\"1024\" src=\"https:\/\/i0.wp.com\/flameoffrith.org\/wp-content\/uploads\/2025\/03\/Shield-1.png?resize=1024%2C1024\" alt=\"\" class=\"wp-image-704\" style=\"width:80px\" srcset=\"https:\/\/i0.wp.com\/flameoffrith.org\/wp-content\/uploads\/2025\/03\/Shield-1.png?resize=1024%2C1024&amp;ssl=1 1024w, https:\/\/i0.wp.com\/flameoffrith.org\/wp-content\/uploads\/2025\/03\/Shield-1.png?resize=300%2C300&amp;ssl=1 300w, https:\/\/i0.wp.com\/flameoffrith.org\/wp-content\/uploads\/2025\/03\/Shield-1.png?resize=150%2C150&amp;ssl=1 150w, https:\/\/i0.wp.com\/flameoffrith.org\/wp-content\/uploads\/2025\/03\/Shield-1.png?resize=768%2C768&amp;ssl=1 768w, https:\/\/i0.wp.com\/flameoffrith.org\/wp-content\/uploads\/2025\/03\/Shield-1.png?resize=200%2C200&amp;ssl=1 200w, https:\/\/i0.wp.com\/flameoffrith.org\/wp-content\/uploads\/2025\/03\/Shield-1.png?w=1206&amp;ssl=1 1206w\" sizes=\"auto, (max-width: 1024px) 100vw, 1024px\" \/><\/a><\/figure>\n\n\n\n<p id=\"ArtisticSubmission\"><strong>K\u00fcnstlerischer Beitrag: <\/strong>Sende uns eine Zeichnung, ein Foto oder ein digitales Kunstwerk deines Schildes.\u2028 Unser Ziel ist es, auch einen digitalen Schildwall zu schmieden \u2013 ein visuelles und spirituelles Zeugnis f\u00fcr die Widerstandskraft, Kreativit\u00e4t und Verbundenheit unserer Gemeinschaft.\u2028Aus diesen individuellen Beitr\u00e4gen erstellen wir ein Video, das unsere kollektive St\u00e4rke in die Welt tr\u00e4gt.<\/p>\n\n\n\n<p>Auch Wortschilde sind herzlich willkommen, falls du dich besser in Worten ausdr\u00fccken kannst \u2013 sei es ein Gedicht, eine Kurzgeschichte oder ein Lied.<\/p>\n\n\n\n<p id=\"ArtisticSubmission\">Bitte sende deinen Beitrag bis zum 15. Mai an: [info@flameoffrith.org]<\/p>\n","protected":false},"excerpt":{"rendered":"<p>Flamme des Friedens Schildwall-Initiative Wir wenden uns an Heiden und Pagane auf der ganzen Welt und laden euch herzlich ein, Teil einer kraftvollen Initiative zu werden, die unsere Grundwerte feiert: Inklusion, Vielfalt und gegenseitigen Respekt. Deine Teilnahme kann viele sch\u00f6ne Formen annehmen: Schildgestaltung: Gestalte einen pers\u00f6nlichen Schild, der deine Geschichte &hellip;<\/p>\n","protected":false},"author":2,"featured_media":0,"parent":0,"menu_order":0,"comment_status":"closed","ping_status":"closed","template":"","meta":{"footnotes":""},"class_list":["post-776","page","type-page","status-publish","hentry"],"jetpack_sharing_enabled":true,"_links":{"self":[{"href":"https:\/\/flameoffrith.org\/index.php\/wp-json\/wp\/v2\/pages\/776","targetHints":{"allow":["GET"]}}],"collection":[{"href":"https:\/\/flameoffrith.org\/index.php\/wp-json\/wp\/v2\/pages"}],"about":[{"href":"https:\/\/flameoffrith.org\/index.php\/wp-json\/wp\/v2\/types\/page"}],"author":[{"embeddable":true,"href":"https:\/\/flameoffrith.org\/index.php\/wp-json\/wp\/v2\/users\/2"}],"replies":[{"embeddable":true,"href":"https:\/\/flameoffrith.org\/index.php\/wp-json\/wp\/v2\/comments?post=776"}],"version-history":[{"count":2,"href":"https:\/\/flameoffrith.org\/index.php\/wp-json\/wp\/v2\/pages\/776\/revisions"}],"predecessor-version":[{"id":833,"href":"https:\/\/flameoffrith.org\/index.php\/wp-json\/wp\/v2\/pages\/776\/revisions\/833"}],"wp:attachment":[{"href":"https:\/\/flameoffrith.org\/index.php\/wp-json\/wp\/v2\/media?parent=776"}],"curies":[{"name":"wp","href":"https:\/\/api.w.org\/{rel}","templated":true}]}}